the tens digit of k(u)?
6
Suppose 209*j - 1920702 = 5225217. What is the thousands digit of j?
4
Suppose -27099 = 46*w - 105207. Let a = w - 1186. What is the units digit of a?
2
Let p = 24938 + -6957. What is the thousands digit of p?
7
Suppose -3*y + 6 = 2*c, -5*y = -5*c - 8*y + 6. Suppose c = u - 5*u + 4*o + 2204, -u - o = -559. What is the hundreds digit of u?
5
Suppose -21 + 86 = 5*t. Suppose -t*s + 11442 = 1874. What is the units digit of s?
6
Let q = -61 - -50. Let u be q/(385/30)*7/(-2). Suppose -3 = 2*r + r, 299 = u*y + 4*r. What is the units digit of y?
1
Let q(l) = l**2 + 2*l. Let b be q(8). Suppose -2*x + 5*f = -156, -2*x - 2*f + b = -62. Let s = x - 46. What is the units digit of s?
7
Suppose -5*q + 5*j = 2 - 32, 2*q = -4*j. Suppose 2*g - 1150 - 1238 = -4*b, q*b - g = 2388. What is the hundreds digit of b?
5
Suppose 61907 = 5*t - 2*x, -4*t + 6*t + 3*x = 24759. What is the hundreds digit of t?
3
Let a = 1072 - 600. Suppose 5*h - 1358 = -5*o + a, -h + 736 = 2*o. What is the units digit of o?
0
Let p = -7 + 38. Suppose 11543 = p*g - 6189. What is the hundreds digit of g?
5
Suppose 20*n + 41 = 21*n. Suppose 5*j = -4*u + 261, 2*j + u = j + 53. Let x = n + j. What is the units digit of x?
0
Suppose -3*h - 1884 = -6*h. Let z be 6/(-12)*h/2. Let n = z + 227. What is the units digit of n?
0
Let f(l) = -l**2 - 2*l. Let q be f(-3). What is the tens digit of (q/(-6)*6)/(24/4936)?
1
Let c = 27 + -217. Suppose 82 = -5*m - 503. Let o = m - c. What is the tens digit of o?
7
Let j be 7 + 455/((-7)/1). Let z = 170 + j. What is the tens digit of z?
1
Let d = 64487 - 41043. What is the thousands digit of d?
3
Let q(a) = 30*a - 20. Let u be q(-4). Let z = u - -77. Let i = z - -67. What is the units digit of i?
4
Suppose 4*q - 20 = 5*c, -2*c + 10 = 2*q - 5*c. Suppose 0 = q*k + 5, 4*z - 3*z - 362 = -k. What is the units digit of z?
3
Suppose 96 - 140 = -11*k. Suppose -t - 4*i = -920, 0 = k*t + 3*i - 2148 - 1571. What is the units digit of t?
2
Let b = -29 + 71. Let m = -40 + b. Suppose 4*u - 208 = -4*d, m*u = d - 2*d + 55. What is the tens digit of d?
4
Let l be (21/(-6))/(5/40*-2). What is the units digit of (-6)/21 + 298/l?
1
Let w(s) = 546*s**2 + 84*s + 35. What is the hundreds digit of w(-5)?
2
Let m(n) = 979*n - 7. Let g be (-18)/(-27) + (-1)/(-3). Let q be m(g). Suppose 0 = -5*d + h + q, -5*d - 5*h + 990 = -0*h. What is the units digit of d?
5
Suppose -b = -5*b + 7748. What is the hundreds digit of b*(-4)/(-22) - (-4)/(-22)?
3
Suppose 4*p = -0*p. Let q = 1126 - 1123. Suppose 5*n - 338 = -3*g - 50, -q*g - 12 = p. What is the tens digit of n?
6
Suppose 5*o + 26199 = f - 3394, -2*o - 147827 = -5*f. What is the ten thousands digit of f?
2
Let m(u) = -4*u + 24. Let k be m(5). What is the tens digit of -3*k*(-29)/3?
1
Suppose 4*i + 57623 = 3*p, -4*i + 37619 = 2*p - 823. What is the ten thousands digit of p?
1
Let w = 4842 - -1249. What is the units digit of w?
1
Let m(h) = 9*h + 355. Let z be m(0). Suppose -230*t = -231*t + z. What is the units digit of t?
5
Let y(d) = d - 1. Let i(c) = -19*c + 5. Let t(h) = -i(h) - 2*y(h). What is the units digit of t(2)?
1
Suppose -2*h + 2*b = -87130, -4*b + 9454 = 3*h - 121283. What is the units digit of h?
1
What is the ten thousands digit of -7 - 1 - ((-33317336)/845 + 8/10)?
3
Let t(m) = -5*m**3 - 6*m**2 + 2*m + 12. Suppose 0 = 5*i - 4*o - 11, -i - 4*o + 6 = -1. Suppose 10*r + 37 = -i. What is the units digit of t(r)?
8
What is the tens digit of 4218 + 0/(4 + 0 - 12)?
1
Suppose -b - 3*w = 12, -b = b - w + 24. Let j(r) = 60*r + 2. Let o be j(2). Let h = b + o. What is the hundreds digit of h?
1
Let r be 3/8*-2238 + 34/136. Let k = -564 - r. What is the tens digit of k?
7
Let g(n) = -5*n**2 - 11*n - 30 + 38*n + 130*n**3 - 129*n**3. What is the hundreds digit of g(6)?
1
What is the units digit of 3941/2 - (-10)/(-20)?
0
Let k = 71 + -69. Suppose -w = 23 + k. Let t = w + 100. What is the tens digit of t?
7
What is the hundreds digit of (10635/(-1))/((-637)/390 - 2/(-15))?
0
Suppose -3*d + 5*d = -2*d. Suppose q = -l + 63, d*l - 5*l = 2*q - 315. Suppose 2*z + 0*z - l = -3*i, -i - 43 = -2*z. What is the tens digit of z?
2
Suppose -2962 = -5*k - 587. Let m = k + -278. What is the hundreds digit of m?
1
Suppose h - 2*h - 29 = 0. Suppose 0*s + 4*s + 3*z = 448, 5*s + 2*z = 567. Let x = h + s. What is the units digit of x?
6
Let w = -10227 + 47090. What is the tens digit of w?
6
Let c = 409 + -383. Let w(t) = 18*t - 57. What is the tens digit of w(c)?
1
Suppose 0 = -18*n + 83 + 169. Suppose -4 = -5*y - n, 733 = x - 4*y. What is the hundreds digit of x?
7
Suppose 5*s = 6*s + 12. Let f(x) = 5*x + 7. Let m be f(-2). What is the units digit of s/(-9) + (-233)/m?
9
Let m(h) = 278*h + 560. Let j be m(-2). Suppose 4*t + 5 = 5*t. Suppose 3*y = -t*b + 280, j*b - 79 = 4*y - 399. What is the units digit of y?
5
Let k = -145 - -146. What is the hundreds digit of 24/2*25 + 1 + k?
3
Suppose -53 = -o - 4*i, -982*o + 3*i - 299 = -987*o. What is the tens digit of o?
6
What is the tens digit of 295 - 299 - (-435 - -1)?
3
Let s be (50/(-6))/(25/(-30)). Suppose s*w = 288 + 2842. What is the hundreds digit of w?
3
Suppose 33551 = 4*g + 5*q, -18*g + 2*q = -21*g + 25151. What is the hundreds digit of g?
3
Let v(b) = 3*b**2 - 2*b - 41. What is the units digit of v(45)?
4
Let o be ((-1008)/180)/((-2)/5). Suppose 5*i + 1331 = 3*u, -u = -i + o - 459. What is the units digit of u?
7
Let p = 122116 + -79687. What is the ten thousands digit of p?
4
Let j(x) = -36*x**3 - 19*x**2 + 14*x + 65. What is the units digit of j(-7)?
4
Let y = -236 - -569. Let i(w) = 30*w - 57. Let x be i(2). Suppose -y = -5*z + 2*m, -x*z + 167 + 48 = -5*m. What is the tens digit of z?
6
Suppose 4*m = -201 - 15. Let z = m + 26. What is the tens digit of 6/(-14) - 1160/z?
4
Let y be 3 + 72/108*(-18)/4. Let n(v) = 14*v - 825. Let x(f) = 5*f - 275. Let o(i) = -3*n(i) + 8*x(i). What is the units digit of o(y)?
5
Let w = 7 + -1. Let v be (0 - w) + (-20)/(-5). What is the units digit of (v + 364/(-12))/((-3)/9)?
7
Let q(x) = -17*x - 11*x - 17*x + 10*x + 5. Let r be q(-3). Suppose 5*f + 5*l = 290, 4*f - 4*l = 2*f + r. What is the units digit of f?
7
Let b(z) = -10*z**3 + 3*z**2 + 17*z + 82. Let p be b(-12). Suppose -13*x + p = 4993. What is the units digit of x?
9
What is the thousands digit of (-12765922)/(-1790) + (-28)/10?
7
Let r(c) be the first derivative of 23*c**3/3 + 7*c + 1632. Let f be (6/2)/3 + 1. What is the tens digit of r(f)?
9
What is the hundreds digit of (4/42 - 0) + (989576/294 - -6)?
3
Let r(m) = -m + 0*m - 7 + 19. Let o be r(7). Suppose -2*k = -2*s - 19 - 121, k + o*s = 64. What is the tens digit of k?
6
Suppose -2*o = 5*v - 12, -6*v + 3*v + o = -5. Suppose v*u = 2*n + 1942, 5*n + 15 = -10. What is the hundreds digit of u?
9
Suppose 79*c = 84*c - 94455. What is the units digit of c?
1
Let t be (252/560 + 1/(-5))*28. Suppose t*y - 13*y + 8598 = 0. What is the units digit of y?
3
Suppose 0*j - 4*j + m + 2429 = 0, j - 4*m - 596 = 0. Let w = j - 418. What is the hundreds digit of w?
1
Let y(l) = l**3 + 6*l**2 + 3*l - 4. Suppose -11 + 6 = c. Let t be y(c). Suppose 3*o + t*a = 2*a + 329, -a = -3*o + 319. What is the units digit of o?
7
Let z(q) = 4*q**3 - 15*q**2 - 27*q + 15. Suppose -13*r - 117 = -26*r. What is the tens digit of z(r)?
7
Let a be (2/6)/(1/(-6)). Let y be (a/6)/(2/678). What is the tens digit of 0 - y - (-2 - (-3)/(-3))?
1
Suppose 12*m + 24 = 8*m, -3*q = m - 27651. What is the units digit of q?
9
Suppose 0 = 5*i + 6*n - 53195, 0 = -2*i + 5*n + 15974 + 5304. What is the units digit of i?
9
Suppose w - 215*a - 2966 = -210*a, 2*a - 5896 = -2*w. What is the thousands digit of w?
2
Suppose -54424 = -6*m - 11656. Suppose 0 = -89*a + 67*a + m. What is the tens digit of a?
2
Suppose 2*p - 2*p - 2*p = 0. Suppose p = 6*n + 853 - 4993. What is the units digit of ((-6)/(-15))/(3/n)?
2
Let u(o) = -o**3 + 7*o**2 + 9*o - 11. Suppose 0*s - 23 = -4*s - 3*f, 18 = 3*s + 2*f. Let w be u(s). What is the tens digit of (0 + (-44)/w)*(-15)/(-2)?
1
Suppose -5*i - 4*i + 2214 = 0. Suppose -25 = 5*r, 6*z - 2*z - r = 21. Suppose -z*q + q = -i. What is the units digit of q?
2
Suppose 0 = 4*f - 0*f - 20. Suppose 3*k - 4999 = f*t, -2*t - 1166 = -k + 499. What is the hundreds digit of k